{"id":8,"date":"2022-03-06T19:23:31","date_gmt":"2022-03-06T18:23:31","guid":{"rendered":"http:\/\/eaecjxk.cluster029.hosting.ovh.net\/?page_id=8"},"modified":"2025-04-01T04:16:39","modified_gmt":"2025-04-01T02:16:39","slug":"blog","status":"publish","type":"page","link":"https:\/\/deuleenjeux.fr\/index.php\/blog\/","title":{"rendered":"Invit\u00e9s, partenaires"},"content":{"rendered":"<ul class=\"wp-block-latest-posts__list aligncenter wp-block-latest-posts\"><li><div class=\"wp-block-latest-posts__featured-image\"><img loading=\"lazy\" decoding=\"async\" width=\"300\" height=\"133\" src=\"https:\/\/deuleenjeux.fr\/wp-content\/uploads\/2026\/04\/steam-300x133.png\" class=\"attachment-medium size-medium wp-post-image\" alt=\"\" style=\"max-width:225px;max-height:225px;\" srcset=\"https:\/\/deuleenjeux.fr\/wp-content\/uploads\/2026\/04\/steam-300x133.png 300w, https:\/\/deuleenjeux.fr\/wp-content\/uploads\/2026\/04\/steam-768x340.png 768w, https:\/\/deuleenjeux.fr\/wp-content\/uploads\/2026\/04\/steam.png 800w\" sizes=\"auto, (max-width: 300px) 100vw, 300px\" \/><\/div><a class=\"wp-block-latest-posts__post-title\" href=\"https:\/\/deuleenjeux.fr\/index.php\/2026\/04\/21\/le-steampunk-sinvite-a-deule-en-jeux\/\">Le steampunk s\u2019invite \u00e0 De\u00fble en Jeux !<\/a><div class=\"wp-block-latest-posts__post-excerpt\">L\u2019association French Steampunk sera pr\u00e9sente tout le week-end pour vous faire d\u00e9couvrir l\u2019univers fascinant du r\u00e9trofuturisme Depuis 2009, elle \u0153uvre \u00e0 rendre le steampunk accessible \u00e0 tous, entre imaginaire, histoire et visions d\u2019un futur \u00e0 la sauce XIXe si\u00e8cle. Au programme sur leur stand : \u2022 D\u00e9dicaces \u2022 Pr\u00e9sentation d\u2019ouvrages steampunk autour de l\u2019espace \u2022<\/div><\/li>\n<li><div class=\"wp-block-latest-posts__featured-image\"><img loading=\"lazy\" decoding=\"async\" width=\"300\" height=\"133\" src=\"https:\/\/deuleenjeux.fr\/wp-content\/uploads\/2026\/04\/Axoupi-300x133.png\" class=\"attachment-medium size-medium wp-post-image\" alt=\"\" style=\"max-width:225px;max-height:225px;\" srcset=\"https:\/\/deuleenjeux.fr\/wp-content\/uploads\/2026\/04\/Axoupi-300x133.png 300w, https:\/\/deuleenjeux.fr\/wp-content\/uploads\/2026\/04\/Axoupi-768x340.png 768w, https:\/\/deuleenjeux.fr\/wp-content\/uploads\/2026\/04\/Axoupi.png 800w\" sizes=\"auto, (max-width: 300px) 100vw, 300px\" \/><\/div><a class=\"wp-block-latest-posts__post-title\" href=\"https:\/\/deuleenjeux.fr\/index.php\/2026\/04\/21\/une-artiste-a-decouvrir-a-deule-en-jeux\/\">\ud83c\udfa8\u2728 Une artiste \u00e0 d\u00e9couvrir \u00e0 De\u00fble en Jeux ! \u2728\ud83c\udfa8<\/a><div class=\"wp-block-latest-posts__post-excerpt\">Nous aurons le plaisir d\u2019accueillir Axoupi, artiste fran\u00e7aise au style aussi vari\u00e9 qu\u2019inspir\u00e9 ! Passionn\u00e9e par le dessin, elle explore de nombreux univers et styles graphiques, donnant vie aussi bien \u00e0 ses propres personnages (OCs) qu\u2019\u00e0 des figures issues de licences et cr\u00e9ations populaires comme Baldur\u2019s Gate 3, ou encore Dispatch \ud83c\udfad \ud83d\udd8c\ufe0f Que vous<\/div><\/li>\n<li><div class=\"wp-block-latest-posts__featured-image\"><img loading=\"lazy\" decoding=\"async\" width=\"300\" height=\"133\" src=\"https:\/\/deuleenjeux.fr\/wp-content\/uploads\/2026\/04\/oiseau-2-300x133.png\" class=\"attachment-medium size-medium wp-post-image\" alt=\"\" style=\"max-width:225px;max-height:225px;\" srcset=\"https:\/\/deuleenjeux.fr\/wp-content\/uploads\/2026\/04\/oiseau-2-300x133.png 300w, https:\/\/deuleenjeux.fr\/wp-content\/uploads\/2026\/04\/oiseau-2-768x340.png 768w, https:\/\/deuleenjeux.fr\/wp-content\/uploads\/2026\/04\/oiseau-2.png 800w\" sizes=\"auto, (max-width: 300px) 100vw, 300px\" \/><\/div><a class=\"wp-block-latest-posts__post-title\" href=\"https:\/\/deuleenjeux.fr\/index.php\/2026\/04\/21\/une-plume-incontournable-de-limaginaire-a-deule-en-jeux\/\">\ud83d\udcda\u2728 Une plume incontournable de l\u2019imaginaire \u00e0 De\u00fble en Jeux ! \u2728\ud83d\udcda<\/a><div class=\"wp-block-latest-posts__post-excerpt\">Nous aurons le plaisir d\u2019accueillir Catherine Loiseau en d\u00e9dicace le dimanche sur le festival ! Autrice prolifique de SFFF (Science-Fiction, Fantasy, Fantastique), elle vous embarque dans des univers riches et captivants, du steampunk aux mondes fantastiques \ud83c\udf0c\u2699\ufe0f Connue notamment pour ses s\u00e9ries La Ligue des t\u00e9n\u00e8bres et Kerys (Hydralune), ainsi que pour ses romans jeunesse<\/div><\/li>\n<li><div class=\"wp-block-latest-posts__featured-image\"><img loading=\"lazy\" decoding=\"async\" width=\"300\" height=\"133\" src=\"https:\/\/deuleenjeux.fr\/wp-content\/uploads\/2026\/04\/grecka-2-300x133.png\" class=\"attachment-medium size-medium wp-post-image\" alt=\"\" style=\"max-width:225px;max-height:225px;\" srcset=\"https:\/\/deuleenjeux.fr\/wp-content\/uploads\/2026\/04\/grecka-2-300x133.png 300w, https:\/\/deuleenjeux.fr\/wp-content\/uploads\/2026\/04\/grecka-2-768x340.png 768w, https:\/\/deuleenjeux.fr\/wp-content\/uploads\/2026\/04\/grecka-2.png 800w\" sizes=\"auto, (max-width: 300px) 100vw, 300px\" \/><\/div><a class=\"wp-block-latest-posts__post-title\" href=\"https:\/\/deuleenjeux.fr\/index.php\/2026\/04\/15\/une-annonce-exceptionnelle-pour-deule-en-jeux-2026\/\">\ud83d\ude80\u2728 Une annonce exceptionnelle pour De\u00fble en Jeux 2026 ! \u2728\ud83d\ude80<\/a><div class=\"wp-block-latest-posts__post-excerpt\">C\u2019est avec une immense fiert\u00e9 que nous vous annon\u00e7ons que Fred Henry sera le parrain officiel de cette \u00e9dition de De\u00fble en Jeux ! En soutenant Les Aventures d\u2019Antonin, l\u2019association que nous parrainons cette ann\u00e9e, il s\u2019associe pleinement \u00e0 la dimension solidaire de notre festivalCette association \u0153uvre pour rendre le sport et les loisirs accessibles<\/div><\/li>\n<li><div class=\"wp-block-latest-posts__featured-image\"><img loading=\"lazy\" decoding=\"async\" width=\"300\" height=\"133\" src=\"https:\/\/deuleenjeux.fr\/wp-content\/uploads\/2026\/04\/Copie-de-canoniers-2-300x133.png\" class=\"attachment-medium size-medium wp-post-image\" alt=\"\" style=\"max-width:225px;max-height:225px;\" srcset=\"https:\/\/deuleenjeux.fr\/wp-content\/uploads\/2026\/04\/Copie-de-canoniers-2-300x133.png 300w, https:\/\/deuleenjeux.fr\/wp-content\/uploads\/2026\/04\/Copie-de-canoniers-2-768x340.png 768w, https:\/\/deuleenjeux.fr\/wp-content\/uploads\/2026\/04\/Copie-de-canoniers-2.png 800w\" sizes=\"auto, (max-width: 300px) 100vw, 300px\" \/><\/div><a class=\"wp-block-latest-posts__post-title\" href=\"https:\/\/deuleenjeux.fr\/index.php\/2026\/04\/11\/decouvrez-greeka-a-deule-en-jeux\/\">D\u00e9couvrez Greeka \u00e0 De\u00fble en Jeux !<\/a><div class=\"wp-block-latest-posts__post-excerpt\">Plongez dans Greeka, le jeu de r\u00f4le tir\u00e9 de la saga de Lysiah Maro, et explorez un univers de science-fiction o\u00f9 l\u2019humanit\u00e9 tente de se reconstruire\u2026 au risque de r\u00e9p\u00e9ter ses erreurs. \ud83c\udf0c Mille ans apr\u00e8s avoir quitt\u00e9 la Terre, tout recommence sur une nouvelle plan\u00e8te. Destins crois\u00e9s, tensions, choix d\u00e9cisifs\u2026 au Camp de Base<\/div><\/li>\n<li><div class=\"wp-block-latest-posts__featured-image\"><img loading=\"lazy\" decoding=\"async\" width=\"300\" height=\"133\" src=\"https:\/\/deuleenjeux.fr\/wp-content\/uploads\/2026\/04\/celestopol-300x133.png\" class=\"attachment-medium size-medium wp-post-image\" alt=\"\" style=\"max-width:225px;max-height:225px;\" srcset=\"https:\/\/deuleenjeux.fr\/wp-content\/uploads\/2026\/04\/celestopol-300x133.png 300w, https:\/\/deuleenjeux.fr\/wp-content\/uploads\/2026\/04\/celestopol-768x340.png 768w, https:\/\/deuleenjeux.fr\/wp-content\/uploads\/2026\/04\/celestopol.png 800w\" sizes=\"auto, (max-width: 300px) 100vw, 300px\" \/><\/div><a class=\"wp-block-latest-posts__post-title\" href=\"https:\/\/deuleenjeux.fr\/index.php\/2026\/04\/11\/plongez-dans-lunivers-de-celestopol-a-deule-en-jeux\/\">\ud83c\udf0c\u2728 Plongez dans l\u2019univers de C\u00e9lestopol \u00e0 De\u00fble en Jeux !<\/a><div class=\"wp-block-latest-posts__post-excerpt\">Nous aurons le plaisir d\u2019accueillir Emanuelle Chastelli\u00e8re, auteur et traducteur reconnu dans les litt\u00e9ratures de l\u2019imaginaire, ainsi que l\u2019illustratrice Lisa Turban, pour vous faire d\u00e9couvrir C\u00e9lestopol, le jeu de r\u00f4le. \ud83d\udcda Fondateur du site Elbakin.net et traducteur depuis 2007, Emanuelle Chastelli\u00e8re est l\u2019auteur de plusieurs \u0153uvres marquantes, dont C\u00e9lestopol, un recueil de nouvelles salu\u00e9 par<\/div><\/li>\n<li><div class=\"wp-block-latest-posts__featured-image\"><img loading=\"lazy\" decoding=\"async\" width=\"300\" height=\"133\" src=\"https:\/\/deuleenjeux.fr\/wp-content\/uploads\/2026\/04\/Copie-de-FRED-4-300x133.png\" class=\"attachment-medium size-medium wp-post-image\" alt=\"\" style=\"max-width:225px;max-height:225px;\" srcset=\"https:\/\/deuleenjeux.fr\/wp-content\/uploads\/2026\/04\/Copie-de-FRED-4-300x133.png 300w, https:\/\/deuleenjeux.fr\/wp-content\/uploads\/2026\/04\/Copie-de-FRED-4-768x340.png 768w, https:\/\/deuleenjeux.fr\/wp-content\/uploads\/2026\/04\/Copie-de-FRED-4.png 800w\" sizes=\"auto, (max-width: 300px) 100vw, 300px\" \/><\/div><a class=\"wp-block-latest-posts__post-title\" href=\"https:\/\/deuleenjeux.fr\/index.php\/2026\/04\/06\/rendez-vous-avec-rodolphe-vanhoorde-a-deule-en-jeux-2026\/\">Rendez-vous avec Rodolphe Vanhoorde \u00e0 De\u00fble en Jeux 2026 \ud83d\ude80<\/a><div class=\"wp-block-latest-posts__post-excerpt\">Plongez dans un univers de dark fantasy intense aux c\u00f4t\u00e9s de l\u2019auteur de la s\u00e9rie L\u2019H\u00e9riti\u00e8re du chaos et du jeu de r\u00f4le L\u2019Ange du Chaos, se d\u00e9roulant dans l\u2019univers des Plans de Michel Robert. Un imaginaire riche m\u00ealant intrigues, combats et destins tourment\u00e9s. \ud83d\udcd6 En d\u00e9dicace tout au long du week-end, c\u2019est l\u2019occasion id\u00e9ale<\/div><\/li>\n<li><div class=\"wp-block-latest-posts__featured-image\"><img loading=\"lazy\" decoding=\"async\" width=\"300\" height=\"133\" src=\"https:\/\/deuleenjeux.fr\/wp-content\/uploads\/2025\/04\/faneliaart-2-300x133.png\" class=\"attachment-medium size-medium wp-post-image\" alt=\"mind cycling\" style=\"max-width:225px;max-height:225px;\" srcset=\"https:\/\/deuleenjeux.fr\/wp-content\/uploads\/2025\/04\/faneliaart-2-300x133.png 300w, https:\/\/deuleenjeux.fr\/wp-content\/uploads\/2025\/04\/faneliaart-2-768x340.png 768w, https:\/\/deuleenjeux.fr\/wp-content\/uploads\/2025\/04\/faneliaart-2.png 800w\" sizes=\"auto, (max-width: 300px) 100vw, 300px\" \/><\/div><a class=\"wp-block-latest-posts__post-title\" href=\"https:\/\/deuleenjeux.fr\/index.php\/2025\/04\/14\/mind-cycling\/\">Mind Cycling<\/a><div class=\"wp-block-latest-posts__post-excerpt\">\ud83d\udeb4\u200d\u2642\ufe0f\ud83d\udca5 Mind Cycling d\u00e9barque \u00e0 De\u00fble en Jeux ! \ud83d\udca5\ud83d\udeb4\u200d\u2640\ufe0f Pr\u00eat\u00b7e pour une course sans hasard et pleine de strat\u00e9gie ?Mind Cycling, le jeu de soci\u00e9t\u00e9 100% tactique qui vous plonge dans l\u2019univers du cyclisme pro. Son auteur Philippe Scheinok sera pr\u00e9sent au festival De\u00fble en Jeux ! \ud83c\udf1f \ud83c\udfb2 Pas de d\u00e9s, pas de<\/div><\/li>\n<li><div class=\"wp-block-latest-posts__featured-image\"><img loading=\"lazy\" decoding=\"async\" width=\"300\" height=\"133\" src=\"https:\/\/deuleenjeux.fr\/wp-content\/uploads\/2025\/04\/pawns-300x133.png\" class=\"attachment-medium size-medium wp-post-image\" alt=\"\" style=\"max-width:225px;max-height:225px;\" srcset=\"https:\/\/deuleenjeux.fr\/wp-content\/uploads\/2025\/04\/pawns-300x133.png 300w, https:\/\/deuleenjeux.fr\/wp-content\/uploads\/2025\/04\/pawns-768x340.png 768w, https:\/\/deuleenjeux.fr\/wp-content\/uploads\/2025\/04\/pawns.png 800w\" sizes=\"auto, (max-width: 300px) 100vw, 300px\" \/><\/div><a class=\"wp-block-latest-posts__post-title\" href=\"https:\/\/deuleenjeux.fr\/index.php\/2025\/04\/08\/pawns-pusher\/\">Pawns Pusher<\/a><div class=\"wp-block-latest-posts__post-excerpt\">Amateurs de figurines et passionn\u00e9s de peinture, ne manquez pas la venue de Pawns Pusher au Festival De\u00fble en Jeux ! \ud83c\udf89\ud83d\udd39 Cet artiste talentueux, connu sur Instagram pour ses cr\u00e9ations minutieusement peintes et scult\u00e9es, sera pr\u00e9sent pour partager sa passion et son savoir-faire. D\u00e9couvrez des figurines aux d\u00e9tails \u00e9poustouflants et plongez dans l\u2019univers fascinant<\/div><\/li>\n<li><div class=\"wp-block-latest-posts__featured-image\"><img loading=\"lazy\" decoding=\"async\" width=\"300\" height=\"133\" src=\"https:\/\/deuleenjeux.fr\/wp-content\/uploads\/2025\/04\/Ludogite-1-300x133.png\" class=\"attachment-medium size-medium wp-post-image\" alt=\"\" style=\"max-width:225px;max-height:225px;\" srcset=\"https:\/\/deuleenjeux.fr\/wp-content\/uploads\/2025\/04\/Ludogite-1-300x133.png 300w, https:\/\/deuleenjeux.fr\/wp-content\/uploads\/2025\/04\/Ludogite-1-768x340.png 768w, https:\/\/deuleenjeux.fr\/wp-content\/uploads\/2025\/04\/Ludogite-1.png 800w\" sizes=\"auto, (max-width: 300px) 100vw, 300px\" \/><\/div><a class=\"wp-block-latest-posts__post-title\" href=\"https:\/\/deuleenjeux.fr\/index.php\/2025\/04\/08\/ludogites-au-festival-deule-en-jeux\/\">\ud83c\udfb2\u2728 Ludog\u00eetes au Festival De\u00fble en Jeux ! \u2728\ud83c\udfb2<\/a><div class=\"wp-block-latest-posts__post-excerpt\">\ud83d\udca1 Envie d\u2019une escapade o\u00f9 le jeu est au c\u0153ur du s\u00e9jour ? Les Ludog\u00eetes, sp\u00e9cialement pens\u00e9s pour les joueurs, offrent un cadre id\u00e9al pour se retrouver en famille ou entre amis autour d\u2019une passion commune.\ud83d\udccd Une belle occasion de jouer, \u00e9changer et partager un moment convivial !@ludogites@38ccescapegame#festival2025\u00a0#deuleenjeux\u00a0#Ludogites\u00a0#PassionJeux\u00a0#JeuEnFamille\u00a0#WeekendLudique\u00a0#jeudesociete<\/div><\/li>\n<li><div class=\"wp-block-latest-posts__featured-image\"><img loading=\"lazy\" decoding=\"async\" width=\"300\" height=\"133\" src=\"https:\/\/deuleenjeux.fr\/wp-content\/uploads\/2024\/04\/ben-toubab-300x133.png\" class=\"attachment-medium size-medium wp-post-image\" alt=\"\" style=\"max-width:225px;max-height:225px;\" srcset=\"https:\/\/deuleenjeux.fr\/wp-content\/uploads\/2024\/04\/ben-toubab-300x133.png 300w, https:\/\/deuleenjeux.fr\/wp-content\/uploads\/2024\/04\/ben-toubab-768x340.png 768w, https:\/\/deuleenjeux.fr\/wp-content\/uploads\/2024\/04\/ben-toubab.png 800w\" sizes=\"auto, (max-width: 300px) 100vw, 300px\" \/><\/div><a class=\"wp-block-latest-posts__post-title\" href=\"https:\/\/deuleenjeux.fr\/index.php\/2024\/04\/08\/toubab-belle-couete-et-pitipays\/\">Toubab &#8211; Belle Couete et Pitipays<\/a><div class=\"wp-block-latest-posts__post-excerpt\">\ud83c\udfa8 Toubab, entre contes et jeux, \u00e0 De\u00fble en Jeux ! \ud83d\udcda\ud83c\udfb2Nous aurons le plaisir d\u2019accueillir Toubab au festival De\u00fble en Jeux \u00e0 Quesnoy-sur-De\u00fble !Illustrateur au style reconnaissable entre mille, il est l\u2019auteur des magnifiques Aventures de Belle Couette, une s\u00e9rie de contes illustr\u00e9s m\u00ealant tendresse, magie et cr\u00e9atures invisibles \u2026 \u2728Mais ce n\u2019est pas<\/div><\/li>\n<\/ul>\n\n\n<p><\/p>\n\n\n\n<p><\/p>\n\n\n\n<div class=\"wp-block-columns is-layout-flex wp-container-core-columns-is-layout-9d6595d7 wp-block-columns-is-layout-flex\"><\/div>\n","protected":false},"excerpt":{"rendered":"","protected":false},"author":1,"featured_media":0,"parent":0,"menu_order":0,"comment_status":"closed","ping_status":"closed","template":"","meta":{"_monsterinsights_skip_tracking":false,"_monsterinsights_sitenote_active":false,"_monsterinsights_sitenote_note":"","_monsterinsights_sitenote_category":0,"footnotes":""},"class_list":["post-8","page","type-page","status-publish","hentry"],"aioseo_notices":[],"_links":{"self":[{"href":"https:\/\/deuleenjeux.fr\/index.php\/wp-json\/wp\/v2\/pages\/8","targetHints":{"allow":["GET"]}}],"collection":[{"href":"https:\/\/deuleenjeux.fr\/index.php\/wp-json\/wp\/v2\/pages"}],"about":[{"href":"https:\/\/deuleenjeux.fr\/index.php\/wp-json\/wp\/v2\/types\/page"}],"author":[{"embeddable":true,"href":"https:\/\/deuleenjeux.fr\/index.php\/wp-json\/wp\/v2\/users\/1"}],"replies":[{"embeddable":true,"href":"https:\/\/deuleenjeux.fr\/index.php\/wp-json\/wp\/v2\/comments?post=8"}],"version-history":[{"count":16,"href":"https:\/\/deuleenjeux.fr\/index.php\/wp-json\/wp\/v2\/pages\/8\/revisions"}],"predecessor-version":[{"id":537,"href":"https:\/\/deuleenjeux.fr\/index.php\/wp-json\/wp\/v2\/pages\/8\/revisions\/537"}],"wp:attachment":[{"href":"https:\/\/deuleenjeux.fr\/index.php\/wp-json\/wp\/v2\/media?parent=8"}],"curies":[{"name":"wp","href":"https:\/\/api.w.org\/{rel}","templated":true}]}}